vert 1 (base 13) to base 6.
1
What is -13 (base 15) in base 9?
-20
Convert -41 (base 5) to base 12.
-19
What is -2 (base 8) in base 9?
-2
Convert -16 (base 16) to base 12.
-1a
What is -2 (base 7) in base 9?
-2
What is 3 (base 5) in base 11?
3
What is 13 (base 9) in base 3?
110
-2 (base 4) to base 12
-2
What is 330 (base 6) in base 2?
1111110
What is -3 (base 9) in base 11?
-3
What is -10 (base 13) in base 14?
-d
1120 (base 3) to base 5
132
-207 (base 9) to base 15
-b4
Convert a (base 12) to base 2.
1010
-133 (base 4) to base 5
-111
What is 23 (base 9) in base 10?
21
-22 (base 7) to base 13
-13
Convert 3 (base 6) to base 15.
3
204 (base 8) to base 5
1012
What is 2 (base 4) in base 11?
2
What is -2 (base 7) in base 2?
-10
What is -1 (base 2) in base 7?
-1
What is 22 (base 14) in base 4?
132
18 (base 11) to base 16
13
-5 (base 10) to base 15
-5
What is -216 (base 8) in base 3?
-12021
1 (base 12) to base 5
1
-1001 (base 2) to base 9
-10
-22 (base 8) to base 2
-10010
What is 1 (base 8) in base 13?
1
Convert -10 (base 4) to base 13.
-4
-191 (base 10) to base 15
-cb
What is 68 (base 9) in base 13?
4a
What is 2002 (base 5) in base 12?
190
Convert -95 (base 10) to base 14.
-6b
Convert 1 (base 5) to base 15.
1
10000 (base 2) to base 9
17
Convert -63 (base 10) to base 2.
-111111
What is 73 (base 13) in base 10?
94
What is 2230 (base 4) in base 5?
1142
-111 (base 9) to base 13
-70
-2 (base 6) to base 8
-2
What is -4 (base 6) in base 5?
-4
Convert -431 (base 5) to base 10.
-116
Convert -12 (base 3) to base 7.
-5
56 (base 10) to base 2
111000
Convert 37 (base 12) to base 14.
31
Convert 8 (base 10) to base 5.
13
What is 1001 (base 2) in base 16?
9
What is 11 (base 7) in base 11?
8
Convert -4 (base 11) to base 14.
-4
-4 (base 6) to base 2
-100
What is b (base 13) in base 7?
14
6 (base 10) to base 15
6
What is -26 (base 10) in base 16?
-1a
Convert -250 (base 6) to base 7.
-204
Convert 10 (base 2) to base 5.
2
What is 2 (base 7) in base 12?
2
3 (base 7) to base 8
3
Convert 34 (base 10) to base 2.
100010
3 (base 15) to base 11
3
4 (base 13) to base 10
4
Convert 61 (base 13) to base 9.
87
15 (base 13) to base 11
17
What is -1001 (base 2) in base 4?
-21
49 (base 14) to base 5
230
What is -266 (base 7) in base 9?
-172
What is 1 (base 7) in base 16?
1
11a (base 13) to base 3
21010
Convert 37 (base 10) to base 15.
27
11 (base 6) to base 5
12
Convert 11001100 (base 2) to base 6.
540
-31 (base 5) to base 10
-16
What is -10012 (base 3) in base 7?
-152
Convert 45 (base 8) to base 2.
100101
Convert -10 (base 13) to base 11.
-12
What is 4 (base 7) in base 6?
4
Convert 3c (base 14) to base 8.
66
What is 22 (base 3) in base 8?
10
Convert -110 (base 2) to base 4.
-12
What is 104 (base 12) in base 16?
94
What is 24 (base 6) in base 8?
20
Convert 2 (base 4) to base 6.
2
-10 (base 3) to base 16
-3
Convert 5 (base 9) to base 6.
5
24 (base 13) to base 16
1e
What is 20 (base 6) in base 4?
30
4 (base 5) to base 3
11
Convert -107 (base 10) to base 3.
-10222
What is -47 (base 8) in base 3?
-1110
222 (base 4) to base 13
33
What is -14 (base 12) in base 3?
-121
Convert -222 (base 3) to base 7.
-35
Convert 6 (base 11) to base 10.
6
153 (base 6) to base 2
1000101
-2 (base 11) to base 16
-2
Convert -25 (base 13) to base 16.
-1f
Convert 253 (base 6) to base 8.
151
3 (base 10) to base 6
3
-22 (base 4) to base 6
-14
Convert -2 (base 15) to base 11.
-2
Convert -8 (base 9) to base 2.
-1000
320 (base 4) to base 12
48
-8 (base 12) to base 16
-8
Convert 0 (base 4) to base 16.
0
Convert 25 (base 13) to base 7.
43
What is 54 (base 9) in base 7?
100
110 (base 4) to base 7
26
Convert 14 (base 6) to base 10.
10
11 (base 8) to base 5
14
Convert -58 (base 14) to base 12.
-66
1 (base 3) to base 7
1
-10 (base 7) to base 14
-7
101 (base 2) to base 11
5
11100010 (base 2) to base 8
342
Convert 64 (base 7) to base 14.
34
What is 9 (base 15) in base 5?
14
Convert a0 (base 15) to base 16.
96
Convert -203 (base 5) to base 14.
-3b
Convert -6 (base 15) to base 7.
-6
Convert 1113 (base 5) to base 8.
236
Convert 536 (base 7) to base 9.
332
What is d (base 16) in base 10?
13
-1 (base 10) to base 14
-1
4 (base 7) to base 8
4
Convert -3 (base 10) to base 2.
-11
22 (base 12) to base 7
35
Convert -11 (base 15) to base 6.
-24
What is -2 (base 8) in base 9?
-2
Convert 3332 (base 4) to base 15.
11e
22 (base 6) to base 5
24
-212 (base 4) to base 12
-32
Convert -302 (base 4) to base 5.
-200
What is -15 (base 13) in base 16?
-12
Convert -8 (base 16) to base 3.
-22
What is 2020 (base 3) in base 6?
140
-110 (base 2) to base 6
-10
What is -b (base 14) in base 8?
-13
What is 111 (base 2) in base 15?
7
a (base 15) to base 11
a
Convert 3 (base 14) to base 12.
3
What is -201 (base 3) in base 8?
-23
-110 (base 2) to base 6
-10
What is -5 (base 8) in base 11?
-5
What is -6 (base 10) in base 14?
-6
What is -6 (base 16) in base 4?
-12
3 (base 7) to base 2
11
Convert -38 (base 9) to base 14.
-27
Convert 78 (base 10) to base 11.
71
What is 3 (base 16) in base 9?
3
What is 0 (base 5) in base 11?
0
What is -210 (base 11) in base 9?
-311
-100011011 (base 2) to base 10
-283
-21 (base 7) to base 2
-1111
What is 4 (base 14) in base 13?
4
Convert 44 (base 7) to base 8.
40
b (base 14) to base 7
14
What is -13 (base 15) in base 14?
-14
What is -6 (base 16) in base 11?
-6
Convert 4 (base 13) to base 5.
4
What is -8 (base 12) in base 7?
-11
147 (base 12) to base 16
c7
1200 (base 3) to base 10
45
-2 (base 12) to base 8
-2
What is 13 (base 8) in base 11?
10
27 (base 14) to base 15
25
What is -6 (base 14) in base 12?
-6
-22 (base 3) to base 13
-8
What is -75 (base 8) in base 16?
-3d
44 (base 5) to base 15
19
-101000 (base 2) to base 12
-34
7a (base 14) to base 9
130
What is 2110 (base 3) in base 6?
150
12121 (base 3) to base 4
2113
11 (base 3) to base 16
4
-10 (base 4) to base 10
-4
4 (base 7) to base 15
4
Convert -23 (base 11) to base 13.
-1c
Convert 436 (base 7) to base 9.
267
What is -666 (base 7) in base 12?
-246
Convert 7 (base 16) to base 6.
11
Convert 1112 (base 3) to base 9.
45
Convert -66 (base 9) to base 15.
-40
What is -22 (base 11) in base 2?
-11000
What is 10 (base 6) in base 10?
6
Convert -5 (base 11) to base 13.
-5
-94 (base 11) to base 12
-87
Convert -356 (base 7) to base 5.
-1223
Convert -91 (base 13) to base 11.
-a8
-4 (base 9) to base 7
-4
What is -32 (base 9) in base 6?
-45
-3 (base 11) to base 8
-3
Convert 2 (base 7) to base 3.
2
-2a (base 12) to base 7
-46
0 (base 8) to base 6
0
What is 16 (base 16) in base 6?
34
Convert 22 (base 12) to base 4.
122
Convert -20 (base 6) to base 11.
-11
What is 1 (base 7) in base 6?
1
Convert 216 (base 13) to base 15.
18c
What is 2 (base 10) in base 9?
2
5 (base 12) to base 14
5
-1000100 (base 2) to base 16
-44
What is -32 (base 8) in base 3?
-222
Convert -8 (base 11) to base 16.
-8
3 (base 9) to base 12
3
Convert 29 (base 10) to base 3.
1002
What is -33 (base 12) in base 5?
-124
2 (base 8) to base 12
2
Convert 33 (base 6) to base 16.
15
Convert -4 (base 13) to base 15.
-4
a (base 13) to base 7
13
3 (base 13) to base 9
3
What is -21 (base 6) in base 5?
-23
1 (base 6) to base 9
1
225 (base 6) to base 15
5e
What is 0 (base 9) in base 11?
0
What is 1010 (base 2) in base 14?
a
Convert -11 (base 14) to base 5.
-30
-2 (base 5) to base 12
-2
-1 (base 3) to base 8
-1
1c (base 14) to base 7
35
Convert -5 (base 12) to base 15.
-5
Convert 44 (base 10) to base 16.
2c
Convert -1 (base 10) to base 2.
-1
Convert -13 (base 5) to base 12.
-8
What is -1 (base 12) in base 2?
-1
-10 (base 2) to base 10
-2
What is -2 (base 10) in base 2?
-10
What is 3 (base 5) in base 16?
3
-31 (base 10) to base 11
-29
What is -1111 (base 2) in base 9?
-16
Convert 0 (base 3) to base 7.
0
What is -14 (base 8) in base 6?
-20
What is b (base 16) in base 4?
23
Convert 1001 (base 2) to base 3.
100
Convert -1 (base 9) to base 12.
-1
13 (base 16) to base 10
19
11 (base 8) to base 2
1001
-5 (base 9) to base 4
-11
What is -5 (base 11) in base 13?
-5
Convert -1 (base 11) to base 9.
-1
1 (base 12) to base 3
1
1 (base 10) to base 8
1
What is -248 (base 12) in base 7?
-1001
What is -14 (base 9) in base 10?
-13
Convert 318 (base 9) to base 8.
404
1 (base 2) to base 16
1
Convert 14 (base 10) to base 16.
e
What is 3 (base 14) in base 5?
3
What is 14